{"id":336,"date":"2014-10-17T12:14:17","date_gmt":"2014-10-17T12:14:17","guid":{"rendered":"http:\/\/ajesoria.es\/?page_id=336"},"modified":"2014-10-21T08:42:37","modified_gmt":"2014-10-21T08:42:37","slug":"grupo-adasa","status":"publish","type":"page","link":"https:\/\/ajesoria.es\/?page_id=336","title":{"rendered":"GRUPO ADASA"},"content":{"rendered":"<p>Empresa familiar con m\u00e1s de 150 a\u00f1os de actividad, dedicada a la distribuci\u00f3n y comercializaci\u00f3n de materiales de construcci\u00f3n, fontaner\u00eda y climatizaci\u00f3n.<\/p>\n<h3>Oferta disponible para socios AJE Soria:<\/h3>\n<ul>\n<li>\n<blockquote><p>En toda la gama de productos roca: 25%<\/p><\/blockquote>\n<\/li>\n<li>\n<blockquote><p>Sanitario: 25%<\/p><\/blockquote>\n<\/li>\n<li>\n<blockquote><p>Calefacci\u00f3n: 28%<\/p><\/blockquote>\n<\/li>\n<\/ul>\n[su_box title=\u00bbContacto\u00bb style=\u00bbsoft\u00bb box_color=\u00bb#aaa\u00bb]\n[su_row]\n[su_column size=\u00bb1\/2&#8243;]\n<p>Web: www.e-adasa.es<\/p>\n[\/su_column]\n[su_column size=\u00bb1\/2&#8243;]\n<p>Email: Ignacio@e-adasa.es<\/p>\n<p>Tlf: \u00a0975 22 66 72<br \/>\nPol\u00edgono Industrial \u201cLas Casas\u201d,calle C, parcela 225<\/p>\n[\/su_column]\n[\/su_row]\n[\/su_box]\n","protected":false},"excerpt":{"rendered":"<p>Empresa familiar con m\u00e1s de 150 a\u00f1os de actividad, dedicada a la distribuci\u00f3n y comercializaci\u00f3n de materiales de construcci\u00f3n, fontaner\u00eda y climatizaci\u00f3n. Oferta disponible para socios AJE Soria: En toda la gama de productos roca: 25% Sanitario: 25% Calefacci\u00f3n: 28% [su_box title=\u00bbContacto\u00bb style=\u00bbsoft\u00bb box_color=\u00bb#aaa\u00bb] [su_row] [su_column size=\u00bb1\/2&#8243;] Web: www.e-adasa.es [\/su_column] [su_column size=\u00bb1\/2&#8243;] Email: Ignacio@e-adasa.es Tlf: [&hellip;]<\/p>\n","protected":false},"author":1,"featured_media":338,"parent":135,"menu_order":0,"comment_status":"closed","ping_status":"open","template":"","meta":{"_monsterinsights_skip_tracking":false,"_monsterinsights_sitenote_active":false,"_monsterinsights_sitenote_note":"","_monsterinsights_sitenote_category":0,"footnotes":""},"class_list":["post-336","page","type-page","status-publish","has-post-thumbnail","hentry"],"_links":{"self":[{"href":"https:\/\/ajesoria.es\/index.php?rest_route=\/wp\/v2\/pages\/336","targetHints":{"allow":["GET"]}}],"collection":[{"href":"https:\/\/ajesoria.es\/index.php?rest_route=\/wp\/v2\/pages"}],"about":[{"href":"https:\/\/ajesoria.es\/index.php?rest_route=\/wp\/v2\/types\/page"}],"author":[{"embeddable":true,"href":"https:\/\/ajesoria.es\/index.php?rest_route=\/wp\/v2\/users\/1"}],"replies":[{"embeddable":true,"href":"https:\/\/ajesoria.es\/index.php?rest_route=%2Fwp%2Fv2%2Fcomments&post=336"}],"version-history":[{"count":3,"href":"https:\/\/ajesoria.es\/index.php?rest_route=\/wp\/v2\/pages\/336\/revisions"}],"predecessor-version":[{"id":343,"href":"https:\/\/ajesoria.es\/index.php?rest_route=\/wp\/v2\/pages\/336\/revisions\/343"}],"up":[{"embeddable":true,"href":"https:\/\/ajesoria.es\/index.php?rest_route=\/wp\/v2\/pages\/135"}],"wp:featuredmedia":[{"embeddable":true,"href":"https:\/\/ajesoria.es\/index.php?rest_route=\/wp\/v2\/media\/338"}],"wp:attachment":[{"href":"https:\/\/ajesoria.es\/index.php?rest_route=%2Fwp%2Fv2%2Fmedia&parent=336"}],"curies":[{"name":"wp","href":"https:\/\/api.w.org\/{rel}","templated":true}]}}